)?
9
Suppose 3*q + 0*q = 9. Let v(o) = -18*o**q + 14*o**3 + o - 2*o. Suppose -9*d + 4*d - 5 = 0. Give v(d).
5
Let m(h) = h**2 - h + 2. Let w be m(2). Let o(c) = 0 + 4 - 1 - 5*c + w*c. Suppose 2*l = z - 6, -z + 20 = -5*l + 5. Calculate o(l).
6
Let o(a) = -5*a**3 - a - 5. Let c(y) = -9*y**3 - y**2 - 3*y - 9. Let i(z) = -3*c(z) + 5*o(z). Determine i(-2).
-10
Let f(m) = -1. Let c(w) = -w + 13. Let s(d) = d - 14. Let j(p) = -5*c(p) - 4*s(p). Let z(b) = -21*f(b) + 3*j(b). Calculate z(4).
6
Suppose -2*f + 2 = 4*m - 7*f, -m = -2*f + 1. Let w(i) = -i**3 - i**m + 0*i - 4*i - 4*i**2 + 2 - 4. What is w(-2)?
6
Let y(s) = 2*s + 2. Let f be y(2). Suppose a + f = 3. Let p(c) = c**3 + 3*c**2 + 2*c - 3. Give p(a).
-9
Let o(m) = 3*m**2 - 8*m + 1. Let a(k) = k**2 - k - 1. Let i(p) = 4*a(p) - o(p). Calculate i(-6).
7
Let h(a) = -a**2 - 6*a + 4. Let c be h(-7). Let q(t) = 2 - 6*t**2 - t**3 - t + 2*t**2 - 4. Determine q(c).
-8
Let r(w) be the first derivative of w**7/840 - w**6/180 - w**5/120 + w**4/12 - 2*w**3/3 + 4. Let a(l) be the third derivative of r(l). Calculate a(2).
0
Let b(s) = -2*s - 2. Suppose -18*u - 84 = -4*u. What is b(u)?
10
Let k(b) be the first derivative of -b - 1/4*b**4 - 5 - 2*b**2 + 5/3*b**3. Give k(3).
5
Suppose -b = 4*b - 25. Let u(i) be the second derivative of i**4/12 - 2*i**3/3 + i**2 + i. Determine u(b).
7
Let x = 1 + 1. Let d(h) = -4 + h**2 + x - 3*h + 0*h. Let t = 0 - -2. What is d(t)?
-4
Let o(n) = -n**2 - 7*n - 3. Let z be (-2)/5 + (-108)/(-20). Suppose -7 = 3*u + 8, 0 = -z*m + u - 25. Determine o(m).
3
Let f(u) = u**3 + u**2 - u - 1. Suppose 0 = z - 3*z - 2. What is f(z)?
0
Let a(i) = 0 + 14*i - 1 - i. Suppose 3*d = -4*w - 16, 0 = -3*d + 5*d + 8. Calculate a(w).
-14
Suppose 29 = -9*b - 34. Let f(u) = -u**3 - 8*u**2 - 7*u - 4. Give f(b).
-4
Let l(t) = 5 - t + 2*t + 3. Suppose m - 5*m = 24. Determine l(m).
2
Let q = 11 - -1. Let b(c) = c - 9. Let m be b(q). Let u(d) = -d**2 + 2*d - 3. Give u(m).
-6
Let k(g) = 6 + 3 + g**2 + g + 6 - 1. Give k(0).
14
Suppose -5*f - 4 + 29 = 0. Let w(i) = i**3 - 5*i**2 - i - 7. Determine w(f).
-12
Let a(w) be the second derivative of -w**6/360 - w**5/40 - 5*w**4/24 - w**3/6 - 6*w. Let n(z) be the second derivative of a(z). What is n(-4)?
-9
Let r(a) = -a**2 - 3 + 0 + 8*a - a - 2*a. Calculate r(2).
3
Let u(b) = -3*b**3 - b**3 + 0*b**2 + b + 0*b - 2*b**2. What is u(1)?
-5
Let t(s) = -3*s**2 + s**3 + s**3 - s**3 - 3*s. Let o be t(4). Let k(j) be the first derivative of j**3/3 - 2*j**2 + 5*j - 19. Determine k(o).
5
Suppose -5*l - 3*c + 5*c = -4, 5*l = -2*c - 4. Let b(w) = -w**3 + w**2 + w. Calculate b(l).
0
Let v = 102 + -98. Let t(a) = 2*a - 6. What is t(v)?
2
Let u(p) be the second derivative of p**4/12 - p**3 - 2*p**2 - 6*p. Let o(j) = -3*j - 4. Let q(t) = 2*t**3 - t**2. Let n be q(-1). Let m be o(n). Give u(m).
-9
Let p = 42 - 48. Let u(r) = -3*r - 7. Calculate u(p).
11
Let c = -9 + 13. Let v be -2*2/c*1. Let w be v/3*(-3)/(-1). Let b(a) = -6*a**3 - a**2 - a - 1. Calculate b(w).
5
Let l(j) = j**3 + 5*j**2 + 3*j + 5. Let p be 1/(-3) + 16/12 + -5. Calculate l(p).
9
Let m(o) = -13*o + 5 - 2*o**2 + o**3 + 0*o - 10*o**2. Let a be m(13). Let g(j) = j - 1. Let x(h) = h - 1. Let v(u) = -5*g(u) + 4*x(u). Determine v(a).
-4
Suppose -11 = i + 3*u, -4*i + 2 = -4*u - 2. Let v(q) = -q**3 - q**2 - q - 2. Determine v(i).
4
Let r(v) = 4*v**3 + v**2 - 1. Let b = 10 - 6. Let q = b - 3. Let w be (-7 - -7) + (q - 2). Give r(w).
-4
Let s be (-416)/(-72) - 4/(-18). Let f(l) = -s*l + 0*l + l**2 + 6*l + 6*l + 4. Calculate f(-4).
-4
Let c(h) = -h**2 + 7*h - 2. Let t be c(6). Let x = -2 + t. Let z(g) = -5*g**2 - 2*g**3 + g**3 + 3 + x*g**3 + 3*g. Calculate z(4).
-1
Let o be (8/6)/((-2)/(-3)). Let r(h) = -6 + 2*h**3 + 4*h**o - 2*h**3 - 5*h - 2*h**3 + 3*h**3. Give r(-5).
-6
Let d(i) be the third derivative of i**5/60 - 5*i**4/24 + i**3/6 + 36*i**2. Determine d(5).
1
Suppose 12 = -3*h + 27. Let d(g) = 12 - h + 2*g - g. Suppose -2*r + 3 = u, 2*u - 6 = -0*u. What is d(r)?
7
Let x(h) = 1 - h + 1 + h**2 + 2*h. Let j be x(0). Let d(o) = -o**2 - j*o**2 - 2*o**2 - 3*o + o**3 + 2 + 8*o. Determine d(4).
6
Let m(n) = 8*n**2 - n**3 - 5*n - 13*n**2 + 4*n + 6*n**2 - 1. Let f be 0*1*1/2. What is m(f)?
-1
Let b(j) be the third derivative of j**2 + 1/6*j**3 + 0 + 1/10*j**5 + 1/12*j**4 + 0*j. Let o be b(-1). Let g(p) = 2*p - 6. Calculate g(o).
4
Let t(m) = -10*m + m - 2 + 0*m. What is t(-2)?
16
Let b(f) be the third derivative of 0*f - 1/12*f**4 + 0 - 2*f**2 - 1/3*f**3. Give b(-4).
6
Let i(w) = w**2 + 9*w - 1. Suppose 8*u + 14 = -42. What is i(u)?
-15
Let w(s) = s**2 + 4*s - 2. Suppose -25 = -2*m + 3*t, m - 2*m - 5*t - 7 = 0. Suppose 2*y + m = -0*y. What is w(y)?
-2
Let p(y) = 2*y + 5. Suppose 0 = 4*f - v - 0 + 15, -5*f - 5*v - 50 = 0. Give p(f).
-5
Suppose -14 = i - 2. Let t be (-3)/i - (-7)/4. Let d(s) = -2*s**2 + 3*s - 1. Give d(t).
-3
Let c(n) be the third derivative of n**5/60 - n**4/8 - n**3/6 - n**2. Let w be ((-4)/(-12))/(2/36). Let u = -2 + w. Give c(u).
3
Suppose 3*f - 3 = -0*f. Let a(v) = 7*v + 1. Let x(h) = 26 - 11 - 16 - 6*h. Let p(n) = 3*a(n) + 2*x(n). What is p(f)?
10
Let o(u) = 13*u**2 + 20*u + 13. Let f(k) = 3*k**2 + 5*k + 3. Let m(x) = -9*f(x) + 2*o(x). Suppose 5*b - 22 - 23 = 0. Let p = 4 - b. Give m(p).
-1
Let t(f) be the second derivative of -f**5/20 + f**4/2 - f**3/3 + 2*f**2 - 14*f. Give t(6).
-8
Let w(k) = k**2 + k - 1. Suppose -1 = 2*g - 5. Suppose 2*i + 1 = 3*q - 0, g*i - 3 = -q. Determine w(i).
1
Let d(p) = -p + 6. Let x be d(6). Suppose x = -2*j - 2*j. Let m(l) = 8*l**2 - 8*l. Let b(y) = 7*y**2 - 7*y. Let i(u) = -7*b(u) + 6*m(u). Determine i(j).
0
Let p(k) = k**3 - 7 - 1 + 11*k**2 - 10*k**2 - k. Give p(0).
-8
Let v(o) = 0 - 4 + 12 + 0*o + o. Determine v(-4).
4
Let x = 30 + -23. Let b(n) = -n**2 + 8*n - 5. What is b(x)?
2
Let y(w) = -w**2 + 3*w + 1. Suppose -18*u + 22 = -14. What is y(u)?
3
Suppose -28*g + 33*g + 30 = 0. Let s(l) = l**3 + 6*l**2 - 2*l - 7. What is s(g)?
5
Let y(c) be the second derivative of -2*c - 4/3*c**3 - c**2 + 0. Give y(2).
-18
Suppose -8 - 2 = -3*y - 5*d, 2*y + 2*d - 12 = 0. Let b = y + -6. Suppose b*o = -0*o - 4. Let c(l) = 6*l**3 + l**2 + l. Give c(o).
-6
Let p(g) be the second derivative of -g**3/3 - g**2/2 - 9*g. Calculate p(-3).
5
Let i(d) = d**2 + 13*d + 2. Let l be i(-13). Let o(p) = -p**3 + 5*p**l - 4 + 2*p + 1 - 4. Calculate o(5).
3
Let a(n) = -n**3 + 3*n**2 + 2*n - 2. Let j be a(3). Let f be -5 + 10 + 1*-1. Let c(v) = 2 - f + v - j*v. Calculate c(-3).
7
Let f(l) = -2*l**3 + l**2. Let u be f(1). Let n(b) = -11*b**2 + 1. Determine n(u).
-10
Let v(i) = 10*i**2 + 5*i + 16. Let j(x) = -3*x**2 - 2*x - 5. Let d(f) = 7*j(f) + 2*v(f). Suppose -5*l - 30 = -10*l. Suppose -l = 3*q - 0*q. Give d(q).
1
Let h be 24/3*3/(-6). Let v be 3/(h + 46/10). Let p(z) = z**2 - 7*z + 7. Determine p(v).
-3
Let q(f) = -6*f**3 - 9*f**2 + 5*f - 10. Let s(z) = z**3 + z**2 + 1. Let o(y) = q(y) + 5*s(y). Calculate o(-5).
-5
Let i(o) be the second derivative of -2*o**2 + 6*o + 7/6*o**3 + 0 - 1/12*o**4. Give i(5).
6
Suppose 12 = 9*j + 3*j. Let q(w) = 4 - 6 + 15*w**2 + 1. Give q(j).
14
Let v(n) = -n - 6. Suppose 3*w - 3 = 15. Suppose 0 = 3*g - w*g - 12. Let l = g + 4. Determine v(l).
-6
Let t(z) = -5*z**2 + 4. Let g(n) = 9*n**2 - 7. Let k(f) = -3*g(f) - 5*t(f). Let m be (1 + 1)/(2 - 0). What is k(m)?
-1
Let g = 28 + -25. Suppose 7 = -2*o + g. Let p(y) = -y + 3*y + 5*y**2 - 3*y**2. Calculate p(o).
4
Let n be 0*-2*1/(-8). Let s(f) = -f**2 - f - 4. What is s(n)?
-4
Suppose o + 14 = -o. Let k(g) = -2*g**2 - 5*g - 5. Let b(d) = -d**2 + d. Let a(s) = -b(s) + k(s). What is a(o)?
-12
Let h be ((-25)/20 - -1)*0. Let q(d) = d - 9. Calculate q(h).
-9
Let w(k) = k + 1. Let f be (-1)/4 - (-26)/8. Let b be 2 - 4 - (f - 0). Calculate w(b).
-4
Let v(x) = 2*x**2 + 3*x - 7. Let d(j) = j**2 + 3*j - 6. Let w(q) = -3*d(q) + 2*v(q). Let s = 6 + -2. What is w(s)?
8
Let q(m) = m**3 - 3*m**2 - 2*m + 2. Suppose 0 = b + 3*y + 1, -4*y = b + 2*b - 12. Suppose -6*t + b = -2*t. What is q(t)?
-6
Let x(p) = -p**2 - 4*p + 1. Let l = 6 + -12. Let t(g) = 5*g**2 - 93*g**3 + g**2 + 94*g**3 - 4. Let m be t(l). Determine x(m).
1
Let f(b) be the third derivative of -1/6*b**3 - 1/60*b**5 + 0 + 0*b + 1/24*b**4 - 9*b**2 - 1/24*b**6. Give f(1).
-6
Let p(m) = -m**3 - m